the highest common divisor of o and 4?
4
Let t = 1553 - 1547. What is the highest common factor of 816 and t?
6
Let m = -94 - -222. Suppose 0 = -14*a - 77 + 301. Calculate the highest common factor of m and a.
16
Let d = 1318 + -1210. Calculate the greatest common divisor of d and 432.
108
Suppose 0 = 12*s - 1553 - 4507. What is the highest common factor of 404 and s?
101
Let s be (-76)/6*(-561)/34. Calculate the highest common factor of s and 57.
19
Let r(u) = -u**3 + 6*u**2 + 2*u + 5. Let n be r(6). Suppose -4 = l - m - m, n = 2*l + m. Let s = -1441 + 1495. Calculate the greatest common divisor of s and l.
6
Suppose 7*p + 104 = 11*p. Suppose -4*c + u = -50, c + u = -2*c + 41. What is the highest common factor of p and c?
13
Let j(o) = 10*o + 17. Let d be j(9). Suppose -46 = x - 3*x - 5*h, d = 3*x - 2*h. What is the highest common factor of 99 and x?
33
Suppose -2*d + 116 = -36. Calculate the greatest common divisor of d and 4.
4
Let k be (3 + 0)*-38*(-4)/24. Let y(h) = h**3 - 19*h**2 + 45. Let x be y(k). Suppose -167 = -4*p - 47. What is the highest common factor of p and x?
15
Let p = 290 + -277. Calculate the greatest common factor of 481 and p.
13
Let u(g) = 38*g - 20. Let q be u(1). What is the greatest common factor of q and 1?
1
Suppose 29 + 21 = -5*n. Let w(h) = -13*h + 17. Let m be w(n). Calculate the greatest common divisor of 21 and m.
21
Let o = -1329 - -1363. What is the greatest common factor of 34 and o?
34
Suppose -42*t + 331 = -257. What is the greatest common divisor of 14 and t?
14
Suppose -16*o + 34 - 306 = 0. Suppose 0 = -2*x - 4*l - 4, 4*x + 8 = l - 2*l. Let j be (o/51)/(x/228). What is the greatest common divisor of j and 19?
19
Let g(i) be the first derivative of i**2/2 - 2. Let s be g(6). Let r be (-3 - 0)*(-4)/s. What is the greatest common factor of r and 5?
1
Let b be 10/4*(528/30 - 0). Suppose 11 = 2*d - 11. What is the greatest common divisor of b and d?
11
Let k(r) = r**2 + 35*r + 165. Let p be k(-51). Calculate the highest common factor of p and 109.
109
Suppose 0 = 3*c - 5*i - 43, 5*i + 55 = 5*c - 0*i. Let r(o) = 16*o**3 - o - 1. Let v be r(-1). Let w = -10 - v. What is the highest common factor of w and c?
6
Let c be (146/511)/(0 - (-3)/21). What is the greatest common divisor of c and 38?
2
Let c = -33 + 37. Suppose 0 = c*r + 3*q - 151 + 49, 4*q = 8. Calculate the highest common factor of r and 264.
24
Let b be (-4)/((-20)/3) - (-2460)/25. Calculate the highest common divisor of 22 and b.
11
Let x be (28/8 + -2)*54. What is the highest common divisor of x and 189?
27
Let d = 824 - 230. Calculate the greatest common divisor of d and 22.
22
Let f = 11 + 1. Let d(i) be the first derivative of -i**4/4 + 20*i**3/3 + 11*i**2 - 13*i + 37. Let k be d(21). Calculate the greatest common divisor of k and f.
4
Let o be (-15)/4*(-50)/15 + (-57)/114. Suppose 2*s - 2 = 4*f, -7 = -4*s - 4*f + 9*f. Calculate the highest common divisor of o and s.
3
Suppose 5*n - 80 = -5*f, f + 3*n - 29 = -5. What is the greatest common factor of f and 12?
12
Let g = 82 - 76. Let u = g - -59. What is the highest common divisor of 26 and u?
13
Suppose o = -4*o + 2350. Let u = o + -281. Calculate the highest common divisor of u and 21.
21
Let s be 28/42 + ((-242)/6)/(-1). Let k = s + -7. Calculate the highest common factor of k and 119.
17
Let o = 170 - 89. Suppose -12*h + o = -9*h. Calculate the highest common factor of 135 and h.
27
Let d = -18 + 15. Let q be 5 + d + (-2 - -4). Let m be 16 + (16 - 0)/q. Calculate the greatest common divisor of 10 and m.
10
Let z = 15 + -13. Let q = 10 - z. Let y = 5 + q. Calculate the highest common divisor of 52 and y.
13
Let u be (110/(-40))/((4/2)/(-152)). Calculate the highest common factor of 133 and u.
19
Let m = -9 + 7. Let x = m - 1. Let i be (-59)/x + (-16)/24. What is the highest common factor of 152 and i?
19
Let l(r) = r**2 - 8*r + 7. Let d be l(9). Let x(o) = o**3 + 12*o**2 + 3*o - 8. Let z be x(-11). Calculate the greatest common divisor of z and d.
16
Let w be (3/(-2))/((-1)/(-10)). Let z be 28/6 + (-5)/w. Suppose -z*v + 30 = v. What is the greatest common factor of 55 and v?
5
Let g be (-40)/(((-20)/48)/5). What is the greatest common factor of g and 80?
80
Suppose -19*r + 562 = -4492. Suppose 5*a = -15, 2*u + u + 12 = -3*a. Let i be (-38)/(-1 - (-1 - u)). What is the greatest common factor of r and i?
38
Suppose -5 - 9 = -f. What is the highest common divisor of 21 and f?
7
Suppose 0 = -6*n + 36 - 24. Let h be 58/4 + -4 - 1/n. Calculate the greatest common factor of 10 and h.
10
Let k(n) = n**2 - 2. Let h be k(-4). Suppose 5*s = 3*v - h, 1 = -2*s + s. What is the greatest common factor of v and 15?
3
Let d(f) = f**2 + 8*f - 5. Let y be 14/((-7)/((-14)/(-4))). Let u be d(y). Let x be (-2368)/u + (-2)/(-3). Calculate the highest common factor of 18 and x.
18
Let y be (-240)/56*182/(-3). What is the greatest common factor of y and 20?
20
Let a = 251 - 17. Let x = -1 - -27. Calculate the highest common divisor of a and x.
26
Let g be (7/(28/6))/((-6)/(-148)). Suppose -i = -75 - g. Calculate the greatest common divisor of 14 and i.
14
Let w be (-1)/(((-15)/12)/5). Let v be 2/(-2*(52/64)/(-13)). Calculate the highest common divisor of w and v.
4
Let i(v) = 2*v**3 + v**2. Let a be i(2). Let u = a - 4. What is the highest common divisor of u and 2?
2
Suppose -2*r - 5*u - 17 = 0, -r + 3*u - 1 = -5*r. Let f be -2 - (1*94)/(-2). Suppose -s - r*s = -f. Calculate the highest common divisor of s and 45.
9
Let o be 40/(-35)*(-70)/4. Calculate the greatest common factor of o and 100.
20
Let r be (-52)/(-130) + (-1536)/(-10) + 2. What is the highest common divisor of 96 and r?
12
Let w(s) = -8 - 42*s + 55*s - 11. Let p be w(8). Suppose 7*o - p - 27 = 0. Calculate the greatest common factor of 64 and o.
16
Suppose o = 2*h - 73, -6*h = -10*h - 5*o + 139. What is the highest common factor of 45 and h?
9
Suppose 5*n - 3*u = -58, 3*u + 52 = -4*n + 4*u. Let r be (-6)/(59/n - -4). Let v be (-3)/2*-1*r. What is the highest common factor of v and 14?
14
Let t(r) be the second derivative of 37*r**4/12 - 7*r**3/6 + 30*r. Let w be t(-2). What is the highest common factor of w and 18?
18
Let k be (8/6 + 0)/((-22)/(-99)). What is the greatest common divisor of k and 54?
6
Let s = 558 - 373. Suppose 0 = 5*w - 530 - s. Let i(j) = -12*j + 1. Let a be i(-1). What is the highest common factor of w and a?
13
Let z = 66 + -41. Suppose -4*f + 375 = f. Calculate the greatest common factor of f and z.
25
Let f(a) = 5*a - 1. Let x be f(-3). Let g = 18 + x. Let q(c) = 14*c**2 - 3*c + 2. Let v be q(g). Calculate the greatest common factor of 13 and v.
13
Suppose 361 = -5*x - 294. Let n = x - -1. Let t = 193 + n. What is the highest common divisor of 21 and t?
21
Suppose -6*s + 3*s = 0. Let z = 0 - s. Suppose 1080 = -z*k + 8*k. Calculate the greatest common divisor of 27 and k.
27
Suppose 66*c - 14630 = 11*c. What is the highest common factor of c and 21?
7
Let a(w) = w**2 - 1 + 2 + w**3 + w - 3*w**2 + 4. Let i be a(4). What is the highest common factor of i and 451?
41
Let x(m) = m**3 + 2*m**2 - 1. Let v be x(-3). Let y be 44/3*(-18)/(-12). Let l = v + y. What is the greatest common divisor of l and 30?
6
Let d(w) = -w + 1. Let f be d(-2). Suppose q - 104 = -f*q. Suppose -49*p = p - 650. What is the highest common divisor of p and q?
13
Suppose 2*n = -2*n + 20. Let o(d) = 9*d + 6. Let s be o(3). Suppose -4*r - 4 = 0, -y + s = y - 3*r. What is the greatest common divisor of n and y?
5
Suppose 4*u - 4*x - 328 = 0, -32*x = -35*x - 3. What is the highest common factor of 189 and u?
27
Let w(d) = d**2 - 11*d + 1 + 17*d - 8 - 11*d. Let q be w(6). Let a be (-2 - -3)*(q + 22). What is the greatest common divisor of a and 84?
21
Let t = 5 + -3. Let a = -28 - -31. What is the highest common factor of t and a?
1
Let c be ((-372)/4)/(-3) + 2. Calculate the highest common divisor of c and 55.
11
Let a be -34*(-42)/36 - 1/(-3). Calculate the greatest common divisor of a and 50.
10
Let r(s) be the third derivative of 61*s**4/24 + s**3/2 - 37*s**2. Let y be r(1). What is the highest common divisor of y and 8?
8
Let g be 112/2 + 1 + -2. Let j = 0 - -20. Suppose 3*m + m + w - 21 = 0, 3*m + 5*w = j. What is the greatest common divisor of g and m?
5
